. Let q = 144 - o. Let d(p) = 2*p - 5. Calculate d(q).
9
Suppose -5*o + 4*w = 6*w + 128, 5*o + 100 = 5*w. Let t = -23 - o. Let m be t/(-4 - 27/(-6)). Let x(s) = -6*s + 3. What is x(m)?
-9
Suppose 5*v = 5*j + 80, 0 = 2*j - 5*v + 26 + 6. Let m = -10 - j. Suppose -4*a = -m*a. Let l(o) = o**3 - o**2 - 5. Calculate l(a).
-5
Let m(v) = 19*v**2 - 2*v + 2. Let o be (-73 - -59) + (0 - -15). Give m(o).
19
Let z(n) = -23*n - 36. Let j(d) = -42*d - 68. Let u(o) = -6*j(o) + 11*z(o). What is u(-9)?
21
Let z(x) = 6 + 40*x + 29 + 0*x - 36 + 26. Let b(h) = -2*h - 7*h - 3 + 4*h. Let u(c) = -50*b(c) - 6*z(c). Determine u(1).
10
Let m(l) be the second derivative of -l**6/360 + l**5/120 + l**4/8 + 8*l**3/3 + 3*l**2/2 + 2*l - 29. Let x(v) be the second derivative of m(v). Give x(3).
-3
Let c(s) = 5*s**3 - s**2 + 2*s + 2. Let t(r) = 2*r**2 + 234*r + 231. Let w be t(-116). Determine c(w).
-6
Suppose -4*l + 10 = -2*d - 6, -5*l + d + 14 = 0. Let h(f) = -38 + f**2 + 10 + 11 + 12 - 2*f**l - 8*f. Calculate h(-8).
-5
Let r(i) be the third derivative of 3*i**2 + 1/6*i**4 - 1/2*i**3 - 13*i + 0 + 0*i**5 - 1/15*i**6. Give r(1).
-7
Let u(n) = -2. Let q(y) = -13*y - 24. Let s(b) = -q(b) + 5*u(b). Let a(j) = -2*j. Suppose 3 = 8*k - 11*k. Let f(x) = k*s(x) - 6*a(x). Determine f(-11).
-3
Let x(a) = a**2 + 5*a + 4. Let h be 5/(10/(-12)) + (4 - 4). Let g(s) = 6*s + 40. Let w be g(h). Let c be ((-2)/(w/(-3)))/(3/(-8)). Determine x(c).
0
Let m(f) be the third derivative of f**8/20160 - f**7/1008 + f**6/144 + f**5/60 + 59*f**3/3 + 84*f**2. Let k(w) be the third derivative of m(w). What is k(5)?
5
Let z(i) = -i**2 + 3*i - 6. Suppose -2*c - 12 = 2*c - 4*a, -3*a = 3*c - 9. Suppose c = 7*t - 18*t. Suppose 15 = 2*k + 3*v - 2, t = -5*k - 2*v + 26. Give z(k).
-10
Let b be 24/3 - (9 - -8 - 9). Let t(f) be the third derivative of -1/3*f**4 - 6*f**2 + 0*f + 7/60*f**5 + 1/120*f**6 + b + 7/6*f**3. Give t(-8).
7
Suppose 19 = -2*x + 45. Suppose 0 = 4*v - 5*i - 29, -2*v = 3*i - 6*i - x. Let n(t) = t**3 - 10*t**2 - 12*t + 14. Calculate n(v).
3
Let v(s) = -s. Let j be v(-5). Suppose j = 2*w + 3*n, -2*w - 20 = -3*w - 5*n. Let r(x) = -59 + 57 - 4*x**2 - 170*x**3 - 4*x + 5*x + 169*x**3. Give r(w).
18
Let k(f) = -1414 - 13*f - 1421 - f**2 - 1424 + 4255. Calculate k(-12).
8
Suppose 4*c = -3*g + 2, 0*c + g + 2 = -4*c. Let v be 84/(-28) - (-2 - -13)*c. Let w(t) = 3*t - 1 - 3 - 3*t + 7*t - t**2. Calculate w(v).
-12
Let v(m) = -9*m**3 + 130*m**2 - 37. Let j(k) = 5*k**3 - 72*k**2 + 18. Let o(n) = 7*j(n) + 4*v(n). What is o(16)?
-22
Suppose -177 = -3*p + 81. Let i = -91 + p. Let r be (-3)/i*(-9)/((-27)/30). Let y(v) = -v**2 + 9*v - 5. What is y(r)?
13
Let v be ((-180)/(-50))/(4/10). Let t = -7 + v. Suppose 5*l + 6 = 3*d, -3*l - 2*d + t + 2 = 0. Let z(u) = u**2 + u - 1. What is z(l)?
-1
Let s(q) = -397*q + 405*q + q**3 + 7 - 49*q**2 + 56*q**2. Determine s(-2).
11
Let c(y) be the second derivative of y**5/20 + y**4/3 + y**3/2 - y**2/2 + y + 109. Let l = 268 - 271. What is c(l)?
-1
Suppose -3*l - 4*r + 23 = r, 5*l - 25 = -5*r. Let s(p) be the second derivative of 2*p**3/3 - p**2/2 + 20*p - 4. Determine s(l).
3
Let y = -29 + 237. Let z = y - 199. Let d(u) = -2*u + 21. Determine d(z).
3
Let s(f) = -34*f - 181. Let l be 15*((-196)/21 - -9). Determine s(l).
-11
Let h(l) be the first derivative of 53*l**4/4 + 2*l**3/3 - l**2/2 - 2*l + 5385. Give h(-1).
-52
Let w(i) = 2*i + 7. Let z be w(-6). Let c(y) be the third derivative of -y**5/60 - y**4/6 + 3*y**3/2 + 5*y**2 - 5922*y + 2. Determine c(z).
4
Let n(f) = -f**2 + 3*f + 13. Let y be n(0). Let v(r) = -8*r - 12 - r + 15 - r + y*r. Determine v(8).
27
Suppose -2*s = 3*a - 28 + 49, 2 = -4*s + 2*a. Let j(y) = 13*y + 9. Let p(b) = b**2 + 14*b + 15. Let q(l) = s*j(l) + 2*p(l). Determine q(6).
9
Let y(d) = -139*d - 10. Let t be y(0). Let m(j) = -5*j - 50. Calculate m(t).
0
Let b(r) = 26*r - 21*r + 8*r - 5 - 23*r. Calculate b(-7).
65
Suppose 1273*p = 1275*p - 18. Let u(a) = 2743*a - a**3 - p - 2741*a + 1 - 7*a**2. Give u(-7).
-22
Let v(o) = -3*o + 19. Let f be -2*(1 + 7) - 0. Let m be v(f). Let w(c) = m + c - 33 - 37. Determine w(-4).
-7
Let u(g) = 1. Let y(z) = z + 7. Let q be 2/(6/2 + -1). Suppose -40 + 164 = -31*x. Let n(b) = q*y(b) + x*u(b). What is n(-7)?
-4
Suppose -8*d + 111 = 23. Suppose 5*k = d*k - 30. Let f(c) = -c**3 + 4*c**2 + 5*c + 3. What is f(k)?
3
Let w(a) = a**2 - a - 1. Let r(p) = p**3 - p**2 - 4*p + 6. Let v be r(2). Suppose -v = -y + 82. Let u = y + -82. Give w(u).
1
Let h = 41 + -71. Let n = h + 35. Let g(m) = m**2 + 14 + 0*m**2 + 2 - 5*m + 4 - 21. Give g(n).
-1
Let t(q) = 13*q - 326. Let p be t(25). Let w be -13 + 13 + 0 + 1 + -1. Let g(i) = -2*i + w*i + 8*i. What is g(p)?
-6
Let n(f) = f**2 - 14*f - 7. Let y be 4/((50/(-35))/(-10)). Suppose -84*p + 86*p - y = 0. Calculate n(p).
-7
Suppose 3*w + 23 + 16 = 0. Let h(o) = -30 + 71 - 31 - 1220*o + 1219*o - 25. Calculate h(w).
-2
Let q(c) = -c - 14 + 4*c + 27 - c + 2*c. Let k(j) = 3*j + 13. Let g(i) = -6*k(i) + 5*q(i). Give g(3).
-7
Suppose 2*w + 2*s = -14, -3*s + 0*s + 15 = -3*w. Let r(a) = 3284143*a**3 - 6 - 3284142*a**3 + a**2 + 6*a + 6*a**2 + 0. What is r(w)?
-6
Suppose -64 = -14*j + 22*j. Let k(u) = -10*u + 156*u**2 - u**3 - 165*u**2 + 40 - 32. Give k(j).
24
Let b(k) be the second derivative of 5/6*k**3 + 0 + 16*k - 1/2*k**2 - 1/20*k**5 - 1/12*k**4. What is b(-4)?
27
Let w(j) = -2*j**2 - 11*j + 2. Let u be w(-5). Suppose -y = -u*y. Let i(g) = -5*g + 6*g + y - 8. Determine i(0).
-8
Let x(k) = 162*k - 6*k**2 - 22 - 161*k + 23. Let f = 731 + -729. Determine x(f).
-21
Suppose 0 = -4*f + 2*t + 32, 75*t + 31 = 5*f + 74*t. Let h(g) = -g**2 - 32*g + 177. What is h(f)?
-8
Let w(n) = 154*n - 560*n + 151*n + 143*n + 134*n + 282. Give w(-13).
-4
Let t(w) = 5*w**2 - 17*w - 1. Let a(n) = 8*n**2 - 34*n - 3. Let j(p) = -3*a(p) + 5*t(p). Determine j(0).
4
Let j(d) be the third derivative of -16*d**2 - 1/60*d**5 + 0 + 13/24*d**4 - 13/6*d**3 + 0*d. Give j(11).
9
Let g(m) = -1. Let h(x) = -5*x + 9. Let l(a) = 2*g(a) + h(a). Let j(u) = -6*u + 7. Let r(o) = -4*j(o) + 5*l(o). Calculate r(-5).
12
Let i be 18 - (88/(-12) + 7 + 12/(-18)). Let t(l) = -4*l + 55. What is t(i)?
-21
Let c be 0 + 0 + (0 - -4). Let b = -1 + c. Let z(p) = 226*p**2 - 233*p**2 - 7 + 1 + 6*p - 4*p**b + 5*p**3. What is z(6)?
-6
Let h(i) = i**3 + 5*i**2 - 4*i + 18. Let n be h(-6). Let t be (-4)/(-3)*9/n. Let b(w) = -6*w + 1. Let v(d) = -5*d + 1. Let l(r) = t*b(r) - 3*v(r). Give l(1).
2
Let v(c) = 4*c - 2. Let k(u) = 3*u - 5*u - 18 + 29. Let z be k(5). Let j be (2/5 + 0)*5/z. Calculate v(j).
6
Let h be 11*2 - (69 + -70). Let s(q) = -24*q + 0 + 65*q - 25*q - h*q - 1. Suppose 4*f = 3*n + 22, 2*f - 2 = 3*n + 12. Give s(n).
13
Suppose -2*k = k - 168. Let r = 64 - k. Suppose -r*f - 30 = 18. Let h(l) = -2*l - 2. What is h(f)?
10
Let y(l) = 7*l - 9*l + 2*l**2 - 3*l**2 + 2. Let d(n) = 3*n**3 - 21*n**2 + 24*n - 39. Let x be d(6). What is y(x)?
-1
Let d(n) be the third derivative of n**6/120 - n**5/10 + n**4/24 - n**3 - 680*n**2 - 15. Let o be 9*(2 - 4/3). Calculate d(o).
0
Let j be -10 - (6*(-3)/6 + 4). Let i(f) = 35*f**3 + 14*f**2 + 14*f - 8. Let h(v) = -12*v**3 - 5*v**2 - 5*v + 3. Let u(p) = j*h(p) - 4*i(p). Give u(-1).
7
Let l(t) be the first derivative of t + 1/3*t**3 + 54 - 1/2*t**2. Let m(i) = -i - 14. Let q be m(-11). Give l(q).
13
Let x = -97 + 103. Let z(i) = -i + x*i - 4*i + 3 + 0*i. Suppose -9 = -2*d + 2*o - 3, -2*o + 2 = 0. Give z(d).
7
Let j(i) = -i**2 - 1. Let a(m) be the third derivative of m**6/120 - m**5/60 - m**4/12 - 7*m**3/6 + 5*m**2 - 8. Let w(n) = -a(n) + 6*j(n). Give w(-5).
-9
Let u(o) be the third derivative of o**5/20 - 55*o**4/24 + 53*o**3/3 + 87*o**2 - 16. Determine u(2).
8
Let o(q) = 103*q**2 + 5*q - 12. Let s(g) = 22*g**2 + g - 2. Let c(m) = 3*o(m) - 14*s(m). Suppose -3*t = -8*t. What is c(t)?
-8
Let j(z) be the first derivative of 23*z**2/2 - 167*z + 1535. Give j(7).
-6
Let w(f) be the first derivative of -6 - 20*f - 1/3*f**3 + 0*f**4 + 1/20*f**5 + 3/2*f**2. Let q(b) be the first derivative of w(b). Determine q(2).
7
Let a(p) be the second derivative of -p**5/120 - p**4/8 - 4*p**3/3 + 6*p. Let f(s) be the second derivative of a(s). Let y = -33 + 29. Determine f(y).
1
Let x = 354 - 358. Suppose -4*c + 18 = -h, -12 = -5*c - h - 3*h. Let s(q) 